{"id":626,"date":"2025-08-28T21:51:47","date_gmt":"2025-08-28T18:51:47","guid":{"rendered":"https:\/\/ncmrjournal.com.tr\/?page_id=626"},"modified":"2025-08-28T22:31:29","modified_gmt":"2025-08-28T19:31:29","slug":"vol-2-no-1","status":"publish","type":"page","link":"https:\/\/ncmrjournal.com.tr\/index.php\/vol-2-no-1\/","title":{"rendered":"Vol 2 No 1"},"content":{"rendered":"<h3>Volume 02, No 01 (2025): NCMR April 2025<\/h3>\n<p>&nbsp;<\/p>\n<h3><\/h3>\n<h3>Cover and Contents<\/h3>\n<p><a href=\"https:\/\/ncmrjournal.com.tr\/wp-content\/uploads\/2025\/05\/ncmr-vol-2.1.0.pdf\"><strong>PDF<\/strong><\/a><\/p>\n<h1>Research Article<\/h1>\n<h5 class=\"page_title\">The effect of sulforaphane against glutamate-induced oxidative stress and inflammation in SH-SY5Y cells<\/h5>\n<p><strong>Abdulbaki Demir, Ramazan \u00c7\u0131nar<\/strong><\/p>\n<p><strong><em>DOI: <a href=\"https:\/\/doi.org\/10.5281\/zenodo.15313159\">https:\/\/doi.org\/10.5281\/zenodo.15313159<\/a>\u00a0<\/em><\/strong><\/p>\n<p><strong><em>Page; 1-5\u00a0 \u00a0<\/em><\/strong>\u00a0 <a href=\"https:\/\/ncmrjournal.com.tr\/wp-content\/uploads\/2025\/05\/ncmr-vol-2.1.1.pdf\"><strong>PDF<\/strong><\/a><\/p>\n<p>&nbsp;<\/p>\n<h5>Hesperidin protects against MPP<sup>+<\/sup>-induced neurotoxicity in SH-SY5Y cells<\/h5>\n<p><strong>Yunus Emre Arvas, Ramazan \u00c7\u0131nar<\/strong><\/p>\n<p><strong><em>DOI: <a href=\"https:\/\/doi.org\/10.5281\/zenodo.15311443\">https:\/\/doi.org\/10.5281\/zenodo.15311443<\/a><\/em><\/strong><\/p>\n<p><strong><em>Page; 6-11\u00a0 \u00a0<\/em><\/strong>\u00a0 <a href=\"https:\/\/ncmrjournal.com.tr\/wp-content\/uploads\/2025\/05\/ncmr-vol-2.1.2.pdf\"><strong>PDF<\/strong><\/a><\/p>\n<p>&nbsp;<\/p>\n<h5>Co-infection of <em>Helicobacter pylori<\/em> with <em>Blastocystis<\/em> and <em>Giardia intestinalis<\/em> in children with gastrointestinal symptoms<\/h5>\n<p><strong>Fethi Barl\u0131k, Nuriz Ate\u015f, Selahattin Aydemir<\/strong><\/p>\n<p><strong><em>DOI: <a href=\"https:\/\/doi.org\/10.5281\/zenodo.15311507\">https:\/\/doi.org\/10.5281\/zenodo.15311507<\/a><\/em><\/strong><\/p>\n<p><strong><em>Page; 12-15\u00a0 \u00a0<\/em><\/strong>\u00a0 <a href=\"https:\/\/ncmrjournal.com.tr\/wp-content\/uploads\/2025\/05\/ncmr-vol-2.1.3.pdf\"><strong>PDF<\/strong><\/a><\/p>\n<p>&nbsp;<\/p>\n<h1>Review Article<\/h1>\n<h5>New biomarkers in the diagnosis of parasitic diseases: The example of <em>Cryptosporidium spp<\/em>. and <em>Giardia duodenalis<\/em><\/h5>\n<p><strong>Cennet K\u00fcbra K\u0131l\u0131\u00e7 Alayl\u0131, Dilara Hande Barl\u0131k, Fethi Barl\u0131k<\/strong><\/p>\n<p><strong><em>DOI: <a href=\"https:\/\/doi.org\/10.5281\/zenodo.15311773\">https:\/\/doi.org\/10.5281\/zenodo.15311773<\/a><\/em><\/strong><\/p>\n<p><strong><em>Page; 16-20\u00a0 \u00a0<\/em><\/strong>\u00a0 <a href=\"https:\/\/ncmrjournal.com.tr\/wp-content\/uploads\/2025\/05\/ncmr-vol-2.1.4.pdf\"><strong>PDF<\/strong><\/a><\/p>\n<p>&nbsp;<\/p>\n<h5>Gene Regions and Methods Used in Molecular Characterization of <em>Fasciola<\/em> Speciesy<\/h5>\n<p>S<strong>edat Kavak, Milad Af\u015far, Selahattin Aydemir<\/strong><\/p>\n<p><strong><em>DOI: <a href=\"https:\/\/doi.org\/10.5281\/zenodo.15311805\">https:\/\/doi.org\/10.5281\/zenodo.15311805<\/a><\/em><\/strong><\/p>\n<p><strong><em>Page; 21-26\u00a0 \u00a0<\/em><\/strong>\u00a0 <a href=\"https:\/\/ncmrjournal.com.tr\/wp-content\/uploads\/2025\/05\/ncmr-vol-2.1.5.pdf\"><strong>PDF<\/strong><\/a><\/p>\n<p>&nbsp;<\/p>\n","protected":false},"excerpt":{"rendered":"<p>Volume 02, No 01 (2025): NCMR April 2025 &nbsp; Cover and Contents PDF Research Article The effect of sulforaphane against glutamate-induced oxidative stress and inflammation in SH-SY5Y cells Abdulbaki Demir, Ramazan \u00c7\u0131nar DOI: https:\/\/doi.org\/10.5281\/zenodo.15313159\u00a0 Page; 1-5\u00a0 \u00a0\u00a0 PDF &nbsp; Hesperidin protects against MPP+-induced neurotoxicity in <a class=\"more-link\" href=\"https:\/\/ncmrjournal.com.tr\/index.php\/vol-2-no-1\/\">Read More &#8230;<\/a><\/p>\n","protected":false},"author":1,"featured_media":0,"parent":0,"menu_order":0,"comment_status":"closed","ping_status":"closed","template":"","meta":{"footnotes":""},"class_list":["post-626","page","type-page","status-publish","hentry"],"_links":{"self":[{"href":"https:\/\/ncmrjournal.com.tr\/index.php\/wp-json\/wp\/v2\/pages\/626","targetHints":{"allow":["GET"]}}],"collection":[{"href":"https:\/\/ncmrjournal.com.tr\/index.php\/wp-json\/wp\/v2\/pages"}],"about":[{"href":"https:\/\/ncmrjournal.com.tr\/index.php\/wp-json\/wp\/v2\/types\/page"}],"author":[{"embeddable":true,"href":"https:\/\/ncmrjournal.com.tr\/index.php\/wp-json\/wp\/v2\/users\/1"}],"replies":[{"embeddable":true,"href":"https:\/\/ncmrjournal.com.tr\/index.php\/wp-json\/wp\/v2\/comments?post=626"}],"version-history":[{"count":5,"href":"https:\/\/ncmrjournal.com.tr\/index.php\/wp-json\/wp\/v2\/pages\/626\/revisions"}],"predecessor-version":[{"id":649,"href":"https:\/\/ncmrjournal.com.tr\/index.php\/wp-json\/wp\/v2\/pages\/626\/revisions\/649"}],"wp:attachment":[{"href":"https:\/\/ncmrjournal.com.tr\/index.php\/wp-json\/wp\/v2\/media?parent=626"}],"curies":[{"name":"wp","href":"https:\/\/api.w.org\/{rel}","templated":true}]}}